 Let l = -16 - -30. Calculate the greatest common factor of s and l.
14
Let j be (-33)/(-2)*4/3. Let s(b) = b**2 - 205*b + 9713. Let q be s(73). Calculate the greatest common factor of q and j.
11
Let l be ((-176)/(-220))/((-1)/(-45)) + 5 + -7. What is the highest common divisor of 17714 and l?
34
Let f = -1174 + 2308. What is the greatest common factor of 42 and f?
42
Suppose 87*m - 510 = -20 - 55. Let f be ((-44)/(-12))/((-1)/(-15)). Calculate the highest common divisor of m and f.
5
Let p be 21*2/12*4/14. Let w be ((-4416)/690)/(0 - p/30). What is the highest common divisor of w and 120?
24
Let q(v) = 3*v**3 + 2*v**2 - 8*v - 22*v**3 + 9*v. Let x be q(-1). Suppose 3*f - 300 = -0*f. What is the greatest common factor of x and f?
20
Let i = 3929 + -3458. Calculate the greatest common divisor of i and 157.
157
Let z = -28 - -19. Let p be 30/z + (-7)/(-21). Let y be (-64)/(-3) + 1/p. Calculate the highest common factor of 7 and y.
7
Let r = -250 - -248. Let g be -41 + 101 - (r/(-1) + -5). Calculate the greatest common factor of 126 and g.
63
Suppose 5*m + 13*j = 6144, -5*m + 19*j + 6090 = 14*j. What is the greatest common divisor of 33 and m?
33
Let j = 21971 - 21960. Suppose -13 - 101 = 3*t. Let a = t + 60. What is the greatest common factor of a and j?
11
Let a be (-1830)/15*(-2)/(-8)*-2. Let z = 78 - a. Let o be (42/8 - z/68)*2. Calculate the greatest common divisor of 10 and o.
10
Let j be 2312/10 - 80/400. Calculate the highest common divisor of 126 and j.
21
Let l = 102 - 54. Suppose -h = -2*y + 75, 23*h + 225 = 5*y + 28*h. Calculate the highest common divisor of y and l.
8
Suppose 5*a + 0*z = z + 1440, -2*a + 576 = -z. Let m(l) = -l**3 + 8*l**2 + 10*l + 9. Let d be m(9). What is the highest common divisor of d and a?
18
Suppose -3*f + 14 = -5*f - 2*x, 4*f - 5*x = -1. Let d be 8/16 - 262/f. Suppose 0*q = 3*q - d. Calculate the greatest common factor of 44 and q.
22
Suppose -888*k + 36400 = 892*k - 1773*k. What is the highest common factor of 25 and k?
25
Suppose -372528 = -81*n + 172602. Calculate the highest common divisor of n and 10.
10
Suppose -u - 9*a + 3349 = 0, -4*u + 12512 = -a - 847. What is the greatest common factor of u and 40?
20
Suppose 7 + 5 = -4*k, 2*b + 4*k = 40. Let c be ((-1184)/(-40))/(b/(-10) + 3). Calculate the highest common factor of 111 and c.
37
Let n be 272*1 - ((-2 - -2) + 2). Let k = -330 - n. Let a be ((-4)/(-10))/((-5)/k). Calculate the highest common factor of a and 6.
6
Let z = -3797 + 4709. Calculate the greatest common factor of 96 and z.
48
Suppose -31*z = -26*z - 20. Let k be (1098/60*z)/(2/10). Calculate the greatest common divisor of 61 and k.
61
Let g = 1363 - 893. Suppose 7*r = 12*r - g. Calculate the highest common factor of 141 and r.
47
Let w(c) = 85*c - 3. Let q be w(3). Let d be 15/(-90) + ((-13)/52 - (-341)/12). What is the highest common factor of d and q?
28
Let x(w) = 34*w**2 + 480*w + 2397. Let o be x(-5). What is the greatest common divisor of o and 2387?
77
Let r(l) = 114*l + 35. Let m be r(4). Let k = m - 465. Calculate the greatest common divisor of 494 and k.
26
Let m = -5673 + 5717. Calculate the highest common divisor of m and 649.
11
Suppose -2*f - 100 = 3*a - 7*f, 3*f = -3*a - 60. Let l(h) = -h**2 - 26*h + 127. Let t be l(a). What is the greatest common factor of t and 114?
38
Suppose 0 = 3*c + 4*j - 5369, -19*j = -c - 23*j + 1787. What is the greatest common divisor of c and 18?
9
Suppose 4*l + 302 = -3*t, -3*l - 229 = -3*t + 8. Let z = -49 - l. Calculate the highest common factor of z and 16.
4
Suppose 1969 = -2*t - 3*k + 6141, 3*k + 2086 = t. Calculate the highest common divisor of 70 and t.
14
Suppose -o + 4*d + 26 = 0, 5*o + 2*d - 1 - 19 = 0. Suppose -5 = -o*b + b, -b + 28 = 3*f. Let v = 1655 + -1574. What is the highest common divisor of v and f?
9
Let c be 84*(-8 - 555/(-60)). Calculate the highest common divisor of c and 1085.
35
Suppose -191*g + 4865 = -16145. What is the greatest common factor of 640 and g?
10
Let p = -9 + 33. Let b(f) = -f**2 - 17*f + 462. Let r be b(-27). Calculate the highest common divisor of p and r.
24
Let s(h) = -43*h - 6. Let v be s(-1). Suppose 39*y - 86 = v*y. Suppose 3*r = -2*f + 28 + y, 3*r = 5*f - 125. Calculate the highest common factor of f and 70.
14
Let b be (-4 + 3)/(6/(-6378)). Let m = b - 759. Suppose 0*n + m = n - w, -1508 = -5*n + w. Calculate the highest common factor of 43 and n.
43
Suppose -4*l + 4220 = -3*a, -60*l - 2110 = -62*l + 2*a. Calculate the greatest common divisor of l and 5.
5
Suppose 5*z - 4*c = 6816, 2*z - 4092 = -z + 3*c. Suppose -5*p = -0*p - z. Suppose 0 = -469*a + 464*a + 170. Calculate the greatest common factor of a and p.
34
Let k(g) = 7*g**2 - 57*g - 676. Let l be k(-10). What is the greatest common factor of l and 12?
6
Let o(i) = 16*i**3 + i**2 - i - 1. Let k be o(-1). Let h(u) = -2*u - 22. Let j be h(k). Calculate the highest common divisor of 44 and j.
4
Suppose 4*v - 146 - 32 = -3*x, 3*x - 92 = -2*v. Let r be v + 4 + (-4 - -1). Suppose r = b + 34. What is the highest common divisor of 5 and b?
5
Let j(k) = k**3 - 3*k**2 - 2*k + 4. Let z be j(3). Let h be z/(-2) + 383 + (1 - 5). What is the highest common divisor of 38 and h?
38
Let v be (-91)/((-4368)/(-2176))*(-3 + 0). Let s = -29 - -114. Calculate the highest common factor of v and s.
17
Let k(q) = 7*q + 14. Let v = 8 - 3. Let c be k(v). What is the highest common factor of c and 343?
49
Suppose d - u - 75 = 0, 0 = -4*u - 0*u + 20. Suppose 0*r - 60 = 2*r. Let p = -14 - r. Calculate the highest common factor of d and p.
16
Let q(p) = -p**3 + 3*p**2 - p. Let c be q(2). Suppose c*j + 0*j = -6. Let i be (-7)/((-44)/(-16) + j) + 2. Calculate the highest common divisor of i and 330.
30
Let r be (-45)/(-10)*10556/261. Calculate the greatest common factor of r and 4186.
182
Let v = -87 + 1112. What is the greatest common factor of 82 and v?
41
Let s = -8193 + 9558. What is the highest common factor of s and 1050?
105
Let f = 29 - 17. Let g(i) = -i + 25. Let w be g(f). Suppose 91*o - 130 = 86*o. Calculate the greatest common divisor of w and o.
13
Suppose 0 = -14*q - 3679 - 7353. Let b = -652 - q. What is the highest common factor of b and 40?
8
Suppose -704 = -5*m + 3*g + 1762, 510 = m + 5*g. What is the highest common divisor of m and 693?
99
Let o(r) = -r**3 - 9*r**2 + 5*r - 2. Let u be o(-9). Let x = u + 52. Suppose -x*q + 7*q - 38 = 0. Calculate the highest common factor of 38 and q.
19
Let a(f) = 2*f**2 - 16*f + 176. Let u(l) = -3*l**2 + 15*l - 174. Let y(w) = 4*a(w) + 3*u(w). Let c be y(6). What is the greatest common factor of c and 152?
8
Let z(x) = 16*x - 4. Let s be z(-5). Let c be ((-8)/(-3))/((-8)/s). Let w(l) = 307*l - 4465. Let i be w(15). Calculate the highest common divisor of c and i.
28
Let g = 2437 + -456. What is the greatest common divisor of g and 7?
7
Let n be (-2*(-2)/(-6))/(1/(-63)). Let l be (-1 + 57)*21/n. Let y = l - 20. What is the greatest common divisor of y and 40?
8
Let h(n) be the first derivative of n**3/3 + 7*n**2/2 - 15*n - 82. Let x be h(-10). Calculate the highest common factor of 15 and x.
15
Let n(y) = 13*y - 77. Let q(f) = 2*f - 1. Let j(w) = -n(w) + 4*q(w). Let z be j(14). Calculate the highest common divisor of z and 7.
1
Let z = 12844 - 12823. Suppose 6*n - 5*n = 147. What is the highest common factor of n and z?
21
Suppose -81*q + 56 = -88*q. Let r be -3*q/(-12) + 83. What is the greatest common factor of 108 and r?
27
Let g = -1152 - -1206. Calculate the highest common factor of g and 14202.
54
Let w = 65 + -25. Suppose 4*d = -2*k + 64, -7*d = 4*k - 10*d - 106. Calculate the greatest common divisor of k and w.
4
Suppose 189 = 5*r - 12*s + 11*s, -4*r + 3*s = -149. Let p = -178 - -216. What is the highest common divisor of r and p?
38
Suppose 6*u = t - 630, -311*t = -309*t - u - 1238. What is the highest common factor of t and 18?
6
Let n = 103 + -101. Suppose -256 = -s + n*u, 1072 = 4*s + 9*u - 5*u. Let v = 79 + -55. What is the highest common divisor of v and s?
24
Let p be 4/15*-48 + (-2)/10. Let y be (-195)/p*4/12. Calculate the highest common divisor of 145 and y.
5
Let c = -17667 + 18369. Calculate the highest common factor of c and 1458.
54
Let m = -151 - -155. Let z(l) = l**3 - l**2 + 12*l - 40. Let q b